usands digit of 7886331?
6
What is the ten thousands digit of 3657753?
5
What is the millions digit of 8465285?
8
What is the ten thousands digit of 141602?
4
What is the ten thousands digit of 1174083?
7
What is the ten thousands digit of 33207954?
0
What is the ten thousands digit of 550444?
5
What is the ten thousands digit of 3744403?
4
What is the units digit of 687151?
1
What is the hundred thousands digit of 219948?
2
What is the thousands digit of 5802925?
2
What is the tens digit of 309390?
9
What is the hundred thousands digit of 112193?
1
What is the hundreds digit of 4648477?
4
What is the tens digit of 2636?
3
What is the tens digit of 15964?
6
What is the hundreds digit of 194246?
2
What is the hundred thousands digit of 13967895?
9
What is the tens digit of 1561059?
5
What is the millions digit of 1273236?
1
What is the units digit of 51919?
9
What is the hundred thousands digit of 1119991?
1
What is the ten thousands digit of 612140?
1
What is the hundreds digit of 150773?
7
What is the ten millions digit of 12221683?
1
What is the units digit of 10761135?
5
What is the ten thousands digit of 2513478?
1
What is the thousands digit of 133181?
3
What is the ten thousands digit of 27212554?
1
What is the ten thousands digit of 462810?
6
What is the ten millions digit of 11448831?
1
What is the millions digit of 1074184?
1
What is the ten thousands digit of 130968?
3
What is the tens digit of 32868485?
8
What is the tens digit of 164829?
2
What is the hundred thousands digit of 19627209?
6
What is the ten thousands digit of 24327062?
2
What is the tens digit of 700883?
8
What is the thousands digit of 11882209?
2
What is the hundreds digit of 349727?
7
What is the tens digit of 137727?
2
What is the hundred thousands digit of 33713053?
7
What is the hundred thousands digit of 484360?
4
What is the units digit of 1251800?
0
What is the millions digit of 1299233?
1
What is the hundreds digit of 9366625?
6
What is the hundreds digit of 1776492?
4
What is the tens digit of 10913645?
4
What is the units digit of 65335?
5
What is the hundreds digit of 528084?
0
What is the thousands digit of 3180467?
0
What is the hundreds digit of 94521?
5
What is the ten thousands digit of 2117334?
1
What is the hundred thousands digit of 977739?
9
What is the units digit of 453219?
9
What is the hundred thousands digit of 244760?
2
What is the units digit of 16066495?
5
What is the ten thousands digit of 187722?
8
What is the hundred thousands digit of 2012531?
0
What is the ten millions digit of 29688646?
2
What is the thousands digit of 1293436?
3
What is the hundred thousands digit of 25928966?
9
What is the thousands digit of 8960454?
0
What is the hundred thousands digit of 954249?
9
What is the ten thousands digit of 38581984?
8
What is the thousands digit of 8865128?
5
What is the tens digit of 228185?
8
What is the thousands digit of 77155?
7
What is the hundred thousands digit of 482628?
4
What is the millions digit of 2968977?
2
What is the hundreds digit of 440019?
0
What is the tens digit of 271812?
1
What is the hundred thousands digit of 1995017?
9
What is the hundred thousands digit of 3120567?
1
What is the ten millions digit of 12760482?
1
What is the hundred thousands digit of 8032247?
0
What is the units digit of 980622?
2
What is the hundreds digit of 18147?
1
What is the hundreds digit of 2938672?
6
What is the tens digit of 65415?
1
What is the tens digit of 12419?
1
What is the units digit of 4602692?
2
What is the thousands digit of 220670?
0
What is the units digit of 584826?
6
What is the ten thousands digit of 2022731?
2
What is the hundred thousands digit of 18012665?
0
What is the tens digit of 286384?
8
What is the ten thousands digit of 472790?
7
What is the hundred thousands digit of 586022?
5
What is the hundreds digit of 4621?
6
What is the thousands digit of 413051?
3
What is the tens digit of 507466?
6
What is the hundreds digit of 1213595?
5
What is the hundred thousands digit of 268412?
2
What is the thousands digit of 358198?
8
What is the thousands digit of 7923602?
3
What is the thousands digit of 1085156?
5
What is the units digit of 34507?
7
What is the hundred thousands digit of 1194458?
1
What is the tens digit of 57366?
6
What is the thousands digit of 12638701?
8
What is the tens digit of 1473569?
6
What is the thousands digit of 560186?
0
What is the tens digit of 17814?
1
What is the ten thousands digit of 69665?
6
What is the millions digit of 6595809?
6
What is the hundred thousands digit of 7096457?
0
What is the hundred thousands digit of 1067527?
0
What is the thousands digit of 281122?
1
What is the tens digit of 4847995?
9
What is the tens digit of 3805952?
5
What is the millions digit of 7688832?
7
What is the units digit of 11348173?
3
What is the tens digit of 3231666?
6
What is the hundreds digit of 220672?
6
What is the units digit of 730604?
4
What is the hundreds digit of 618979?
9
What is the hundred thousands digit of 551350?
5
What is the millions digit of 1315544?
1
What is the hundred thousands digit of 919383?
9
What is the millions digit of 1834395?
1
What is the thousands digit of 62795?
2
What is the thousands digit of 326297?
6
What is the millions digit of 9609973?
9
What is the units digit of 6674971?
1
What is the ten thousands digit of 196126?
9
What is the hundreds digit of 17744792?
7
What is the hundred thousands digit of 157478?
1
What is the hundred thousands digit of 1071815?
0
What is the hundred thousands digit of 3528219?
5
What is the millions digit of 1191375?
1
What is the millions digit of 2487160?
2
What is the ten millions digit of 11579758?
1
What is the hundred thousands digit of 6052626?
0
What is the ten thousands digit of 96098?
9
What is the hundred thousands digit of 268511?
2
What is the ten millions digit of 28151139?
2
What is the ten thousands digit of 78308?
7
What is the tens digit of 677021?
2
What is the thousands digit of 274465?
4
What is the units digit of 8016619?
9
What is the ten thousands digit of 225521?
2
What is the tens digit of 1636234?
3
What is the tens digit of 762752?
5
What is the hundred thousands digit of 236407?
2
What is the hundreds digit of 6356686?
6
What is the thousands digit of 115838?
5
What is the hundreds digit of 382?
3
What is the hundred thousands digit of 4769336?
7
What is the tens digit of 12204763?
6
What is the tens digit of 175864?
6
What is the millions digit of 3424310?
3
What is the thousands digit of 1003516?
3
What is the thousands digit of 87432?
7
What is the units digit of 7426120?
0
What is the millions digit of 4931890?
4
What is the thousands digit of 477949?
7
What is the units digit of 59942?
2
What is the millions digit of 14959832?
4
What is the thousands digit of 396247?
6
What is the hundreds digit of 1308341?
3
What is the hundreds digit of 989511?
5
What is the thousands digit of 12118504?
8
What is the hundred thousands digit of 3163149?
1
What is the ten thousands digit of 6597189?
9
What is the ten millions digit of 21791386?
2
What is the hundreds digit of 58831?
8
What is the units digit of 777199?
9
What is the hundred thousands digit of 3522779?
5
What is the thousands digit of 1144120?
4
What is the ten thousands digit of 1153911?
5
What is the hundreds digit of 3402876?
8
What is the tens digit of 9230297?
9
What is the ten thousands digit of 184500?
8
What is the units digit of 9902653?
3
What is the ten thousands digit of 38941?
3
What is the hundreds digit of 449454?
4
What is the tens digit of 649070?
7
What is the thousands digit of 1019164?
9
What is the ten thousands digit of 1696569?
9
What is the ten thousands digit of 950316?
5
What is the hundreds digit of 116750?
7
What is the ten millions digit of 13032552?
1
What is the hundred thousands digit of 254592?
2
What is the ten millions digit of 18379880?
1
What is the thousands digit of 2538129?
8
What is the ten thousands digit of 200188?
0
What is the tens digit of 37342?
4
What is the hundred thousands digit of 8814373?
8
What is the tens digit of 1128197?
9
What is the hundred thousands digit of 1065177?
0
What is the thousands digit of 742739?
2
What is the ten thousands digit of 4677911?
7
What is the units dig